= i**3 + 17*i**2 + 29*i + 53. Let m be v(-15). What is the greatest common divisor of 6868 and m?
68
Suppose -3*i + 1428 = -20*i. Let d = i - -86. What is the highest common divisor of 200 and d?
2
Suppose 349*i - 467*i = -1665216. Calculate the highest common divisor of i and 378.
126
Let h(w) = -21 + w + 74 - 40. Let q be h(-9). What is the highest common factor of 6 and q?
2
Suppose -8*p = -p - 14. Suppose 0*v = -p*v + 2, 2*m - 29 = 3*v. Calculate the greatest common divisor of m and 144.
16
Let h(f) = f**3 - 4*f**2 + f + 3. Let r be h(5). Let y = 1309 + -1310. Let g be (13 - r)*y/2. Calculate the greatest common factor of g and 1.
1
Let k(i) = -24*i - 21. Let x be k(-1). Suppose -x*p = -20 - 223. What is the greatest common factor of p and 243?
81
Let q = -1619 - -1811. What is the highest common divisor of 432 and q?
48
Suppose 31236 = 5*f + 4*x - 23456, -4*f - x = -43769. Calculate the highest common factor of f and 171.
171
Let n(q) = -25*q**3 - 33*q**2 - q + 14. Let g be n(-6). Calculate the highest common factor of g and 56.
8
Suppose -2*j = 13 - 21. Let x be ((-50)/j)/((-24)/960). Suppose -13*v + x = -475. Calculate the highest common factor of 25 and v.
25
Let m be -101 + 0 + 115/23. Let t = m + 130. Calculate the highest common divisor of t and 102.
34
Suppose -6 = -3*q, -2*c = 2*c - q + 42. Let i be 662/10 - ((-4)/c)/2. What is the greatest common divisor of 33 and i?
33
Let c be (-74401)/(-329) + -40 - (1 - (-12)/(-14)). What is the highest common divisor of 3813 and c?
93
Suppose -33*q - 25*q = -2552. What is the highest common divisor of q and 550?
22
Let t = 674 - 672. Suppose 2*z - 6 = -t*i, -2*i - 4*z + 5 = -5*i. What is the greatest common divisor of 15 and i?
1
Let b(m) = -11*m + 1. Let t be b(-1). Suppose -48 + 60 = 2*r. Suppose -44*o - r = -45*o. Calculate the greatest common divisor of t and o.
6
Suppose 12877*r = 12883*r - 1656. What is the greatest common divisor of 192 and r?
12
Suppose -42*h + 1358 - 266 = 0. Let x = -8 + 3. Let w be ((-156)/(-5))/(-2)*x. What is the highest common divisor of w and h?
26
Suppose 9*v + v - 1517 - 633 = 0. What is the highest common factor of v and 43?
43
Let z be (-1008)/(-13) + (-1332)/(-2886). What is the highest common divisor of 27066 and z?
78
Suppose 13*h - 1566 = 11*h + 4*z, -2*z + 783 = h. Calculate the greatest common divisor of h and 522.
261
Suppose -5 = -i - 2*t + 10, 3*t - 15 = 0. Let l(a) = 3*a**2 - 8*a - 11. Let s be l(i). Suppose 23*z - s*z = -40. What is the highest common factor of 5 and z?
5
Suppose z - 5*j = 49, -3*j = z - j - 77. Let u = z + -61. Calculate the highest common factor of u and 3.
1
Let t(z) = z**2 - 34*z - 899. Let d be t(55). Calculate the greatest common divisor of d and 136.
8
Suppose -2*m + 196 + 4 = 3*v, v - m = 60. Let t = 39 + -33. Let y be 40*(-11)/((-165)/t). What is the highest common divisor of y and v?
16
Let f be 66/2 + 2 + -2. Suppose 44*k + 444 = 46*k. Suppose -k = 33*p - 2400. Calculate the greatest common divisor of f and p.
33
Let a be (0 - 1 - 0/1) + -448 + 529. What is the highest common factor of 3880 and a?
40
Let u(o) = o**2 - 5*o - 68. Let m be u(25). Suppose 436*d - 48 = m*d. Let t be (-5)/(4/d*-3) - -4. What is the greatest common divisor of t and 12?
3
Suppose -2*b + 100 = -19*k + 15*k, 5*b - 2*k - 250 = 0. Calculate the greatest common factor of 2525 and b.
25
Let g be 792000/(-594)*((-3)/2 - 0). What is the highest common divisor of g and 375?
125
Let a = 22108 - 22000. Calculate the highest common divisor of 2889 and a.
27
Let z be (4 + -6)*(1 + -2) + 88. Suppose 3*j - 633 = 363. Suppose 0 = -m + 5*b + 160, 218 = 4*m - 2*b - j. Calculate the greatest common divisor of z and m.
45
Let v(i) = -1138*i - 15911. Let p be v(-14). Suppose 6*w - 1848 = 2*w. Calculate the greatest common divisor of w and p.
21
Let x = -154 + 159. Suppose -6 = -v - 3. Suppose -39 = -v*h + 3*i, -4*h + i + 4*i = -55. Calculate the highest common factor of x and h.
5
Suppose 142 = -11*z + 505. What is the highest common factor of 1617 and z?
33
Let b = 6511 + -6404. Calculate the greatest common factor of b and 14338.
107
Suppose -137*s = -117*s - 31520. What is the highest common divisor of 1379 and s?
197
Let w = 23 + -20. Suppose 4*i - f - 225 = 0, i + f = -w*f + 52. Let y(n) = 7*n**3 + 4*n - 4. Let z be y(1). Calculate the highest common divisor of z and i.
7
Let s = 23241 - 23185. What is the greatest common divisor of 432 and s?
8
Suppose -2*h + 60 + 24 = 2*s, 2*s = 6*h + 60. Calculate the greatest common divisor of 1404 and s.
39
Suppose 3*b - 134 = 7*b + 2*s, b = 3*s - 51. Let g = 45 + b. Let k be 0 - (56/(-2) + 1). Calculate the highest common factor of g and k.
9
Let j be (-44 - 18)/((-6)/582*(3 - 1)). Calculate the highest common factor of 155 and j.
31
Let z be (-1)/(-1)*(6 + -3). Let w(u) = -861*u**2 + 14 + 860*u**2 - 7 + 33*u. Let h be w(32). Calculate the highest common divisor of h and z.
3
Let g = 8105 - 8091. What is the greatest common divisor of g and 226?
2
Let i = 81 - 25. Let n be ((-2)/1)/((-14)/i). Suppose -f = -24 - 40. What is the greatest common divisor of n and f?
8
Suppose 5*m + 3*j = -15, -3*m - 4*j = -3*j + 13. Let i be (15/m)/5 - (-67)/2. Suppose 0 = 5*a - i - 22. What is the highest common factor of 55 and a?
11
Suppose -146*q - 30 = -2*d - 143*q, 0 = -d - 3*q + 24. What is the greatest common factor of 82 and d?
2
Suppose -k + 3*k = 10. Let g be 14/35 + 318/k. Let l = g - 56. What is the greatest common factor of l and 8?
8
Suppose -v - 13 = -5*r, -5*r - v + 17 = -0*v. Suppose 0*x - r*q = -4*x + 39, 2*x - 17 = q. What is the greatest common divisor of x and 7?
1
Let h be (6*(-1)/(4/8))/(264/(-187616)). What is the highest common factor of h and 246?
82
Let t = -3545 - -14055. Calculate the greatest common divisor of t and 10.
10
Let n(j) = 7*j**2 - 8*j - 7. Let f be n(-5). Let d be (-74860)/304 + 2 + (-14)/8. Let l = -230 - d. What is the highest common divisor of f and l?
16
Suppose -k - 15*k = 11*k - 513. What is the highest common factor of 4731 and k?
19
Suppose 11*f = 6*f + a + 221, -31 = -f - 2*a. Calculate the greatest common divisor of 1849 and f.
43
Suppose -34*g = 33*g - 1454 + 315. Calculate the greatest common factor of g and 32.
1
Let a = 31884 - 31852. Calculate the greatest common divisor of 56192 and a.
32
Suppose -3*i = i - 52. Let x(z) = -8*z + 140. Let n be x(11). What is the greatest common divisor of i and n?
13
Let c(r) = -12*r - 8. Let b be c(-6). Let g = 40 - 38. Suppose -4*h - 16 = -n, -n + 0*n = 3*h - g. Calculate the highest common factor of b and n.
8
Suppose -8*j + 28 = 6*j. Suppose j*o - 11 + 5 = 0. Let p be (-2 + o - 68)/(-1) + 1. What is the highest common divisor of 4 and p?
4
Suppose -242*n + 239*n + 25 = -s, -4*s - 276 = -28*n. Let p be (-30)/9*210/4. Let l be 1 - (2 - 1)*p. Calculate the greatest common factor of n and l.
11
Suppose 6*g = -46*g - 43*g + 1710. Suppose r + 2*w - 22 = 0, 4*w - 74 = -5*r + 6. What is the greatest common divisor of g and r?
6
Let y(r) = r**2 - 31*r - 1580. Let q be y(-29). Calculate the highest common factor of 190 and q.
10
Suppose 2*h - 36 = -h. Let b(s) = 2*s**2 - 5*s - 116. Let a be b(h). Calculate the greatest common factor of 7 and a.
7
Suppose -16*q = -21*q - 30. Let l be ((-88)/(-33))/(0 + q/(-9)). What is the highest common factor of l and 36?
4
Let m(d) = -6*d**2 + 197*d - 127. Let f be m(32). Let s be 3/(1/(-2118)*-3). Let y be s/8 + (-9)/12. What is the greatest common divisor of f and y?
33
Let d(c) = c**2 + c. Let o(p) = 0*p**2 + 1 - p**2 - 12*p + 6*p. Let w(k) = 5*d(k) + o(k). Let g be w(1). What is the greatest common factor of g and 8?
4
Let n be 4/(2/(-4)*-1). Let h be 8*(-7)/(-28)*2. Suppose 175 = 5*o + 3*t, -5*t = h*o + 10 - 163. Calculate the greatest common factor of o and n.
8
Let i = -645 - -6579. Suppose -2130 = -8*l + i. What is the highest common factor of l and 18?
18
Let r = -447 - -538. Calculate the highest common factor of r and 624.
13
Suppose -5*f = 0, -v + 5*v + 292 = 3*f. Let m be 9/(-3) - 1/(1/v). Suppose -20*p + 25*p - 140 = 0. What is the highest common divisor of m and p?
14
Suppose 177 = 3*l + 162. Let t be l/(320/232) - (-6)/16. What is the highest common divisor of 14 and t?
2
Let n(k) = -k**3 - 4*k**2 -